{"id":127,"date":"2024-10-27T21:11:15","date_gmt":"2024-10-27T21:11:15","guid":{"rendered":"https:\/\/prueba.corresur.com.bo\/?page_id=127"},"modified":"2025-05-22T23:33:59","modified_gmt":"2025-05-22T23:33:59","slug":"personas","status":"publish","type":"page","link":"https:\/\/www.corresur.com.bo\/?page_id=127","title":{"rendered":"Personas"},"content":{"rendered":"\n<div class=\"wp-block-group is-layout-constrained wp-container-core-group-is-layout-a6db6f11 wp-block-group-is-layout-constrained\" style=\"padding-top:100px;padding-bottom:100px\">\n<div class=\"wp-block-columns is-layout-flex wp-container-core-columns-is-layout-28f84493 wp-block-columns-is-layout-flex\">\n<div class=\"wp-block-column is-layout-flow wp-block-column-is-layout-flow\">\n<div class=\"wp-block-group is-layout-flow wp-block-group-is-layout-flow\">\n<div class=\"wp-block-columns is-layout-flex wp-container-core-columns-is-layout-28f84493 wp-block-columns-is-layout-flex\">\n<div class=\"wp-block-column is-style-default accountra-animate accountra-move-up accountra-delay-5 is-layout-flow wp-block-column-is-layout-flow\">\n<div class=\"wp-block-group is-style-customboxshadow is-layout-flow wp-block-group-is-layout-flow\" style=\"border-radius:8px;padding-top:30px;padding-right:25px;padding-bottom:30px;padding-left:30px\">\n<div class=\"wp-block-columns are-vertically-aligned-top is-layout-flex wp-container-core-columns-is-layout-28f84493 wp-block-columns-is-layout-flex\">\n<div class=\"wp-block-column is-vertically-aligned-top is-layout-flow wp-block-column-is-layout-flow\" style=\"flex-basis:20%\">\n<figure class=\"wp-block-image size-large is-resized\"><img decoding=\"async\" src=\"https:\/\/corresur.com.bo\/wp-content\/themes\/accountra\/assets\/img\/icon-wallet.webp\" alt=\"\" class=\"wp-image-68\" style=\"width:45px;height:43px\"\/><\/figure>\n<\/div>\n\n\n\n<div class=\"wp-block-column is-vertically-aligned-top is-layout-flow wp-block-column-is-layout-flow\" style=\"flex-basis:90%\">\n<h5 class=\"wp-block-heading has-text-color\" style=\"color:#252425;margin-top:0px;margin-right:0px;margin-bottom:20px;margin-left:0px;font-style:normal;font-weight:500\">Accidentes Personales<\/h5>\n\n\n\n<p class=\"accountra-margin-top-n10 has-forth-color has-text-color has-tiny-font-size\" style=\"font-style:normal;font-weight:300\">Proporciona cobertura financiera ante eventualidades causadas por accidentes, incluyendo gastos m\u00e9dicos, incapacidad temporal o permanente y compensaciones por fallecimiento<\/p>\n\n\n\n<div class=\"wp-block-buttons is-content-justification-left is-layout-flex wp-container-core-buttons-is-layout-eeedef89 wp-block-buttons-is-layout-flex\" style=\"margin-top:15px\"><\/div>\n<\/div>\n<\/div>\n<\/div>\n<\/div>\n\n\n\n<div class=\"wp-block-column is-style-default accountra-animate accountra-move-up accountra-delay-7 is-layout-flow wp-block-column-is-layout-flow\">\n<div class=\"wp-block-group is-style-customboxshadow is-layout-flow wp-block-group-is-layout-flow\" style=\"border-radius:8px;padding-top:30px;padding-right:25px;padding-bottom:30px;padding-left:30px\">\n<div class=\"wp-block-columns are-vertically-aligned-top is-layout-flex wp-container-core-columns-is-layout-28f84493 wp-block-columns-is-layout-flex\">\n<div class=\"wp-block-column is-vertically-aligned-top is-layout-flow wp-block-column-is-layout-flow\" style=\"flex-basis:20%\">\n<figure class=\"wp-block-image size-full is-resized\"><img decoding=\"async\" src=\"https:\/\/corresur.com.bo\/wp-content\/themes\/accountra\/assets\/img\/icon-invoice.webp\" alt=\"\" class=\"wp-image-69\" style=\"width:45px;height:45px\"\/><\/figure>\n<\/div>\n\n\n\n<div class=\"wp-block-column is-vertically-aligned-top is-layout-flow wp-block-column-is-layout-flow\" style=\"flex-basis:90%\">\n<h5 class=\"wp-block-heading has-text-color has-small-font-size\" style=\"color:#252425;margin-top:0px;margin-right:0px;margin-bottom:20px;margin-left:0px;font-style:normal;font-weight:500\">Asistencia M\u00e9dica &#8211; Mediplan<\/h5>\n\n\n\n<p class=\"accountra-margin-top-n10 has-forth-color has-text-color has-tiny-font-size\" style=\"font-style:normal;font-weight:300\">Este seguro garantiza acceso a servicios de atenci\u00f3n m\u00e9dica de calidad, con cobertura para consultas, emergencias y hospitalizaciones, adapt\u00e1ndose a las necesidades del asegurado.<\/p>\n\n\n\n<div class=\"wp-block-buttons is-content-justification-left is-layout-flex wp-container-core-buttons-is-layout-eeedef89 wp-block-buttons-is-layout-flex\" style=\"margin-top:15px\"><\/div>\n<\/div>\n<\/div>\n<\/div>\n<\/div>\n\n\n\n<div class=\"wp-block-column is-style-default accountra-animate accountra-move-up accountra-delay-10 is-layout-flow wp-block-column-is-layout-flow\">\n<div class=\"wp-block-group is-style-customboxshadow is-layout-flow wp-block-group-is-layout-flow\" style=\"border-radius:8px;padding-top:30px;padding-right:25px;padding-bottom:30px;padding-left:30px\">\n<div class=\"wp-block-columns are-vertically-aligned-top is-layout-flex wp-container-core-columns-is-layout-28f84493 wp-block-columns-is-layout-flex\">\n<div class=\"wp-block-column is-vertically-aligned-top is-layout-flow wp-block-column-is-layout-flow\" style=\"flex-basis:20%\">\n<figure class=\"wp-block-image size-full is-resized\"><img decoding=\"async\" src=\"https:\/\/corresur.com.bo\/wp-content\/themes\/accountra\/assets\/img\/icon-money-check.webp\" alt=\"\" class=\"wp-image-70\" style=\"width:45px;height:45px\"\/><\/figure>\n<\/div>\n\n\n\n<div class=\"wp-block-column is-vertically-aligned-top is-layout-flow wp-block-column-is-layout-flow\" style=\"flex-basis:90%\">\n<h5 class=\"wp-block-heading has-text-color has-small-font-size\" style=\"color:#252425;margin-top:0px;margin-right:0px;margin-bottom:20px;margin-left:0px;font-style:normal;font-weight:500\">Vida Individual Corto Plazo<\/h5>\n\n\n\n<p class=\"accountra-margin-top-n10 has-forth-color has-text-color has-tiny-font-size\" style=\"font-style:normal;font-weight:300\">Cubre necesidades espec\u00edficas de protecci\u00f3n en un periodo determinado, brindando seguridad financiera a tus beneficiarios.<\/p>\n\n\n\n<div class=\"wp-block-buttons is-content-justification-left is-layout-flex wp-container-core-buttons-is-layout-eeedef89 wp-block-buttons-is-layout-flex\" style=\"margin-top:15px\"><\/div>\n<\/div>\n<\/div>\n<\/div>\n<\/div>\n<\/div>\n<\/div>\n\n\n\n<div class=\"wp-block-group is-layout-flow wp-block-group-is-layout-flow\">\n<div class=\"wp-block-columns is-layout-flex wp-container-core-columns-is-layout-28f84493 wp-block-columns-is-layout-flex\">\n<div class=\"wp-block-column is-style-default accountra-animate accountra-move-up accountra-delay-5 is-layout-flow wp-block-column-is-layout-flow\">\n<div class=\"wp-block-group is-style-customboxshadow is-layout-flow wp-block-group-is-layout-flow\" style=\"border-radius:8px;padding-top:30px;padding-right:25px;padding-bottom:30px;padding-left:30px\">\n<div class=\"wp-block-columns are-vertically-aligned-top is-layout-flex wp-container-core-columns-is-layout-28f84493 wp-block-columns-is-layout-flex\">\n<div class=\"wp-block-column is-vertically-aligned-top is-layout-flow wp-block-column-is-layout-flow\" style=\"flex-basis:20%\">\n<figure class=\"wp-block-image size-full is-resized\"><img decoding=\"async\" src=\"https:\/\/corresur.com.bo\/wp-content\/themes\/accountra\/assets\/img\/icon-hand-money.webp\" alt=\"\" class=\"wp-image-71\" style=\"width:45px;height:45px\"\/><\/figure>\n<\/div>\n\n\n\n<div class=\"wp-block-column is-vertically-aligned-top is-layout-flow wp-block-column-is-layout-flow\" style=\"flex-basis:90%\">\n<h5 class=\"wp-block-heading has-text-color has-small-font-size\" style=\"color:#252425;margin-top:0px;margin-right:0px;margin-bottom:20px;margin-left:0px;font-style:normal;font-weight:500\">Vida Individual Largo Plazo<\/h5>\n\n\n\n<p class=\"accountra-margin-top-n10 has-forth-color has-text-color has-tiny-font-size\" style=\"font-style:normal;font-weight:300\">Una soluci\u00f3n robusta que asegura el bienestar de los asegurados y sus familias, permitiendo una planificaci\u00f3n a largo plazo con estabilidad econ\u00f3mica.<\/p>\n\n\n\n<div class=\"wp-block-buttons is-content-justification-left is-layout-flex wp-container-core-buttons-is-layout-eeedef89 wp-block-buttons-is-layout-flex\" style=\"margin-top:15px\"><\/div>\n<\/div>\n<\/div>\n<\/div>\n<\/div>\n\n\n\n<div class=\"wp-block-column is-style-default accountra-animate accountra-move-up accountra-delay-7 is-layout-flow wp-block-column-is-layout-flow\">\n<div class=\"wp-block-group is-style-customboxshadow is-layout-flow wp-block-group-is-layout-flow\" style=\"border-radius:8px;padding-top:30px;padding-right:25px;padding-bottom:30px;padding-left:30px\">\n<div class=\"wp-block-columns are-vertically-aligned-top is-layout-flex wp-container-core-columns-is-layout-28f84493 wp-block-columns-is-layout-flex\">\n<div class=\"wp-block-column is-vertically-aligned-top is-layout-flow wp-block-column-is-layout-flow\" style=\"flex-basis:20%\">\n<figure class=\"wp-block-image size-full is-resized\"><img decoding=\"async\" src=\"https:\/\/corresur.com.bo\/wp-content\/themes\/accountra\/assets\/img\/icon-box.webp\" alt=\"\" class=\"wp-image-72\" style=\"width:45px;height:45px\"\/><\/figure>\n<\/div>\n\n\n\n<div class=\"wp-block-column is-vertically-aligned-top is-layout-flow wp-block-column-is-layout-flow\" style=\"flex-basis:90%\">\n<h5 class=\"wp-block-heading has-text-color has-small-font-size\" style=\"color:#252425;margin-top:0px;margin-right:0px;margin-bottom:20px;margin-left:0px;font-style:normal;font-weight:500\">Desgravamen Hipotecario Corto Plazo<\/h5>\n\n\n\n<p class=\"accountra-margin-top-n10 has-forth-color has-text-color has-tiny-font-size\" style=\"font-style:normal;font-weight:300\">Este seguro cancela el saldo pendiente de un cr\u00e9dito hipotecario en caso de fallecimiento o invalidez del titular, protegiendo el patrimonio de los beneficiarios.<\/p>\n\n\n\n<div class=\"wp-block-buttons is-content-justification-left is-layout-flex wp-container-core-buttons-is-layout-eeedef89 wp-block-buttons-is-layout-flex\" style=\"margin-top:15px\"><\/div>\n<\/div>\n<\/div>\n<\/div>\n<\/div>\n\n\n\n<div class=\"wp-block-column is-style-default accountra-animate accountra-move-up accountra-delay-10 is-layout-flow wp-block-column-is-layout-flow\">\n<div class=\"wp-block-group is-style-customboxshadow is-layout-flow wp-block-group-is-layout-flow\" style=\"border-radius:8px;padding-top:30px;padding-right:25px;padding-bottom:30px;padding-left:30px\">\n<div class=\"wp-block-columns are-vertically-aligned-top is-layout-flex wp-container-core-columns-is-layout-28f84493 wp-block-columns-is-layout-flex\">\n<div class=\"wp-block-column is-vertically-aligned-top is-layout-flow wp-block-column-is-layout-flow\" style=\"flex-basis:20%\">\n<figure class=\"wp-block-image size-full is-resized\"><img decoding=\"async\" src=\"https:\/\/corresur.com.bo\/wp-content\/themes\/accountra\/assets\/img\/icon-apartment.webp\" alt=\"\" class=\"wp-image-73\" style=\"width:45px;height:45px\"\/><\/figure>\n<\/div>\n\n\n\n<div class=\"wp-block-column is-vertically-aligned-top is-layout-flow wp-block-column-is-layout-flow\" style=\"flex-basis:90%\">\n<h5 class=\"wp-block-heading has-text-color has-small-font-size\" style=\"color:#252425;margin-top:0px;margin-right:0px;margin-bottom:20px;margin-left:0px;font-style:normal;font-weight:500\">Vida en Grupo Corto Plazo<\/h5>\n\n\n\n<p class=\"accountra-margin-top-n10 has-forth-color has-text-color has-tiny-font-size\" style=\"font-style:normal;font-weight:300\">Soluci\u00f3n dise\u00f1ada para proteger financieramente a empleados o colectivos ante situaciones inesperadas, ofreciendo tranquilidad y respaldo econ\u00f3mico a corto plazo.<\/p>\n\n\n\n<div class=\"wp-block-buttons is-content-justification-left is-layout-flex wp-container-core-buttons-is-layout-eeedef89 wp-block-buttons-is-layout-flex\" style=\"margin-top:15px\"><\/div>\n<\/div>\n<\/div>\n<\/div>\n<\/div>\n<\/div>\n<\/div>\n<\/div>\n<\/div>\n<\/div>\n","protected":false},"excerpt":{"rendered":"<p>Accidentes Personales Proporciona cobertura financiera ante eventualidades causadas por accidentes, incluyendo gastos m\u00e9dicos, incapacidad temporal o permanente y compensaciones por fallecimiento Asistencia M\u00e9dica &#8211; Mediplan Este seguro garantiza acceso a servicios de atenci\u00f3n m\u00e9dica de calidad, con cobertura para consultas, emergencias y hospitalizaciones, adapt\u00e1ndose a las necesidades del asegurado. Vida Individual Corto Plazo Cubre necesidades espec\u00edficas de protecci\u00f3n en un periodo determinado, brindando seguridad financiera a tus beneficiarios. Vida Individual Largo Plazo Una soluci\u00f3n robusta que asegura el bienestar de los asegurados y sus familias, permitiendo una planificaci\u00f3n a largo plazo con estabilidad econ\u00f3mica. Desgravamen Hipotecario Corto Plazo Este seguro<\/p>\n","protected":false},"author":1,"featured_media":0,"parent":0,"menu_order":0,"comment_status":"closed","ping_status":"closed","template":"","meta":{"footnotes":""},"class_list":["post-127","page","type-page","status-publish","hentry"],"_links":{"self":[{"href":"https:\/\/www.corresur.com.bo\/index.php?rest_route=\/wp\/v2\/pages\/127","targetHints":{"allow":["GET"]}}],"collection":[{"href":"https:\/\/www.corresur.com.bo\/index.php?rest_route=\/wp\/v2\/pages"}],"about":[{"href":"https:\/\/www.corresur.com.bo\/index.php?rest_route=\/wp\/v2\/types\/page"}],"author":[{"embeddable":true,"href":"https:\/\/www.corresur.com.bo\/index.php?rest_route=\/wp\/v2\/users\/1"}],"replies":[{"embeddable":true,"href":"https:\/\/www.corresur.com.bo\/index.php?rest_route=%2Fwp%2Fv2%2Fcomments&post=127"}],"version-history":[{"count":5,"href":"https:\/\/www.corresur.com.bo\/index.php?rest_route=\/wp\/v2\/pages\/127\/revisions"}],"predecessor-version":[{"id":702,"href":"https:\/\/www.corresur.com.bo\/index.php?rest_route=\/wp\/v2\/pages\/127\/revisions\/702"}],"wp:attachment":[{"href":"https:\/\/www.corresur.com.bo\/index.php?rest_route=%2Fwp%2Fv2%2Fmedia&parent=127"}],"curies":[{"name":"wp","href":"https:\/\/api.w.org\/{rel}","templated":true}]}}